{"id":2878,"date":"2021-02-01T10:01:56","date_gmt":"2021-02-01T09:01:56","guid":{"rendered":"http:\/\/gbpgorzyce.pl\/?page_id=2878"},"modified":"2021-03-31T09:28:27","modified_gmt":"2021-03-31T07:28:27","slug":"regionalia","status":"publish","type":"page","link":"https:\/\/gbpgorzyce.pl\/?page_id=2878","title":{"rendered":"Regionalia"},"content":{"rendered":"\n<p>&nbsp;&nbsp;&nbsp;&nbsp;&nbsp;&nbsp;&nbsp;&nbsp;&nbsp;&nbsp;&nbsp;&nbsp;&nbsp;&nbsp;&nbsp;&nbsp;&nbsp;&nbsp;&nbsp;&nbsp;&nbsp;&nbsp;&nbsp;&nbsp;&nbsp;&nbsp;&nbsp;&nbsp;&nbsp;&nbsp;&nbsp;&nbsp;&nbsp;&nbsp;&nbsp;&nbsp;&nbsp;&nbsp;&nbsp;&nbsp;&nbsp;&nbsp;&nbsp;&nbsp;&nbsp;&nbsp;&nbsp;&nbsp;&nbsp;&nbsp;&nbsp;&nbsp;&nbsp;&nbsp;&nbsp;&nbsp;&nbsp;&nbsp;&nbsp;&nbsp;&nbsp;&nbsp;&nbsp;&nbsp;&nbsp;&nbsp;&nbsp;&nbsp;&nbsp;&nbsp;&nbsp;&nbsp;&nbsp;&nbsp;&nbsp;&nbsp;&nbsp;&nbsp;&nbsp;&nbsp;&nbsp;&nbsp;&nbsp;&nbsp;&nbsp;&nbsp;&nbsp;&nbsp;&nbsp;&nbsp;&nbsp;&nbsp;&nbsp;&nbsp;&nbsp;&nbsp;&nbsp;&nbsp;&nbsp;&nbsp;&nbsp;&nbsp;&nbsp;&nbsp;&nbsp;&nbsp;&nbsp;&nbsp;&nbsp;&nbsp;&nbsp;&nbsp;&nbsp;&nbsp;&nbsp;&nbsp;&nbsp;&nbsp;&nbsp;&nbsp; <\/p>\n\n\n\n<p style=\"font-size:18px\"><a><strong>BIBLIOGRAFIA REGIONALNA GBP GORZYCE- CZYTELNIA<\/strong><\/a><\/p>\n\n\n\n<ol class=\"wp-block-list\" type=\"1\"><li>Micha\u0142owicz \u2013 Kubal Marta, Kubal Grzegorz, &#8222;Miejscowo\u015bci Gminy Gorzyce na przestrzeni wiek\u00f3w&#8221;, Krosno-Targowiska; Gorzyce: na zlecenie Urz\u0119du Gminy 1998.<\/li><li>Budzi\u0142o Benedykt, &#8222;Gorzyce i Wrzawy&#8221; : Zarys dziej\u00f3w, Krak\u00f3w 2000.<\/li><li>Budzi\u0142o Benedykt, Budzi\u0142o Krzysztof, &#8222;Gorzyce dawniej i dzi\u015b&#8221;, Gorzyce 2006.<\/li><li>Chy\u0142a Roman, &#8222;Sandomierz i okolice : przewodnik regionalny&#8221;, Sandomierz<\/li><li>Stadnik Janina, &#8222;Na drogach Puszczy Sandomierskiej&#8221;, Tarnobrzeg 2007.<\/li><li>Stadnik Janina, &#8222;Na drogach Puszczy Sandomierskiej&#8221;, Tarnobrzeg 2009.<\/li><li>Stadnik W\u0142adys\u0142aw, &#8222;Na drogach Puszczy Sandomierskiej&#8221;, Tarnobrzeg 2011.<\/li><li>Rawski J\u00f3zef, &#8222;Wybrane zagadnienia dotycz\u0105ce administracji ko\u015bcielnej w wid\u0142ach Wis\u0142y i Sanu&#8221;, Tarnobrzeg 1997.<\/li><li>Rawski J\u00f3zef, &#8222;Piastowskie Dzieje Puszczy Sandomierskiej: Gorzyce \u2013 Stra\u017cnice graniczne pierwszych Piast\u00f3w&#8221;, Tarnobrzeg 1997.<\/li><li>Budzi\u0142o Benedykt, &#8222;Dzieje szkolnictwa na terenie Gminy Gorzyce&#8221;, Gorzyce 1999.<\/li><li>&#8222;Puszcza Sandomierska wczoraj i dzi\u015b : zbi\u00f3r rozpraw i artyku\u0142\u00f3w&#8221; \/ pod red. J\u00f3zefa P\u00f3\u0142\u0107wiartka, Rzesz\u00f3w 1980.<\/li><li>Rawski J\u00f3zef, &#8222;Republika Tarnobrzeska w \u015bwietle \u017ar\u00f3de\u0142 wspomnie\u0144 adiutanta Powiatowej Komendy Wojsk Polskich w Tarnobrzegu&#8221;, Tarnobrzeg 1993.<\/li><li>M\u0105dry J\u00f3zef, &#8222;Moje wspomnienia&#8221;, Sandomierz \u2013 Trze\u015b\u0144 2015.<\/li><li>Kos Stanis\u0142aw, &#8222;Bataliony ch\u0142opskie w Tarnobrzeskiem 1940-1945&#8221;, Sandomierz 1997.<\/li><li>Budzi\u0142o Benedykt, &#8222;Wrzawy w \u015bwietle kronik pami\u0119tnik\u00f3w i relacji&#8221;, Wrzawy 2008.<\/li><li>&#8222;Republika Tarnobrzeska w \u015bwietle fakt\u00f3w i dokument\u00f3w&#8221;, Tarnobrzeg 1982.<\/li><li>&#8222;10 lat dzia\u0142alno\u015bci Sandomierskiego Uniwersytetu Trzeciego Wieku : wydawnictwo jubileuszowe&#8221; \/ pod red. El\u017cbiety Lubery, Sandomierz 2005.<\/li><li>&#8222;Rocznik Tarnobrzeski 1996&#8221; T.1, Tarn\u00f3w 1996.<\/li><li>&#8222;Archiwum Jawora: dokumenty obwodu Armii Krajowej Tarnobrzeg&#8221;, Tarnobrzeg 1994<\/li><li>Zio\u0142o Zbigniew, &#8222;Tarnobrzeski O\u015brodek Siarkowy&#8221;, Warszawa 1975.<\/li><li>Rawski J\u00f3zef, Rawski Wojciech, &#8222;Miechocin : Kolebka Tarnobrzega&#8221;, Tarnobrzeg 1994<\/li><li>Prarat Waldemar, &#8222;Uw\u0142aszczenie ch\u0142op\u00f3w w Dominium Wrzawy w 1848 roku&#8221;, Wrzawy 2011.<\/li><li>Prarat Waldemar, &#8222;Straty wojenne wsi Wrzawy w latach 1939 \u2013 1945&#8221;, Wrzawy 2012.<\/li><li>&#8222;Bitwa pod Wrzawami w 200. rocznic\u0119 wydarze\u0144&#8221;,\/ praca zbiorowa pod red. Waldemara Prarata, Wrzawy 2009.<\/li><li>Prarat Waldemar, &#8222;Szko\u0142a, kt\u00f3ra odesz\u0142a\u2026 \u2013 dzieje szko\u0142y powszechnej we Wrzawach spisane w 125 rocznic\u0119 powstania&#8221;, Wrzawy 2011.<\/li><li>Prarat Waldemar, &#8222;Parafia Wrzawy : Zarys dziej\u00f3w&#8221;, Wrzawy 2008.<\/li><li>Prarat Waldemar, &#8222;S\u0142ownik Biograficzny Nauczycieli Szk\u00f3\u0142 Powszechnych gminy Gorzyce do pierwszej po\u0142owy XX wieku&#8221;, Wrzawy 2007.<\/li><li>Prarat Waldemar, &#8222;Wojciech Sabat (1901 \u2013 1943)&#8221;, Wrzawy 2013.<\/li><li>Prarat Waldemar, &#8222;Z dziej\u00f3w regionu nad dolnym Sanem i \u0141\u0119giem&#8221;, Wrzawy 2012.<\/li><li>Wydra Leopold, &#8222;W wid\u0142ach Wis\u0142y i Sanu \u201eGorzyce \u2013 ma\u0142a ojczyzna\u201d : tomik wierszy&#8221;, Gorzyce 2009.<\/li><li>Wydra Leopold, &#8222;T\u0119cza nad Gorzycami: tomik wierszy&#8221;, Gorzyce 2011.<\/li><li>Rokoszewska Ma\u0142gorzata, My\u015bliwiec Bogdan, &#8222;Pow\u00f3d\u017a 2010:Tarnobrzeg-Sandomierz-Gorzyce&#8221;, [\u2026] 2011.<\/li><li>Kozio\u0142 Dorota, &#8222;Ty nasz kochany Machowie\u2026&#8221;, Tarnobrzeg 2015.<\/li><li>Duma Piotr, &#8222;Tarnobrzeskie \u015alady tom 1&#8221;, Tarnobrzeg 2015.<\/li><li>Czepiel Piotr, Duma Piotr, &#8222;Tarnobrzeskie \u015alady tom 3&#8221;, Tarnobrzeg 2016.<\/li><li>Duma Piotr, &#8222;Tarnobrzeskie \u015alady tom 4&#8221;, Tarnobrzeg 2016.<\/li><li>Szwedo Bogus\u0142aw, &#8222;Tarnobrzeski s\u0142ownik biograficzny : wpisani w histori\u0119 miasta.&#8221; T.2, Tarnobrzeg 2015.<\/li><li>Szwedo Bogus\u0142aw, &#8222;Tarnobrzeski s\u0142ownik biograficzny : wpisani w histori\u0119 miasta.&#8221; T.3, Tarnobrzeg 2016.<\/li><li>Banaszek Tadeusz, &#8222;Historia garnizonu Sandomierz w latach 1918 \u2013 1939&#8221;, Sandomierz 2012.<\/li><li>&#8222;Dzieje Sandomierza : \u015bredniowiecze&#8221;\/ pod red. Henryka Samsonowicza, Warszawa 1993.<\/li><li>&#8222;Dzieje Sandomierza : XVI \u2013 XVIII w.&#8221;, T.1 \/ pod red. Henryka Samsonowicza, Warszawa 1993.<\/li><li>&#8222;Dzieje Sandomierza : XVI \u2013 XVIII w.&#8221;, T.2 \/ pod red. Henryka Samsonowicza, Warszawa 1993.<\/li><li>&#8222;Dzieje Sandomierza : 1918 \u2013 1980&#8221; \/ pod red. Henryka Samsonowicza, Warszawa 1994.<\/li><li>\u0141ysiak Sylwester, &#8222;Wsp\u00f3\u0142czesny Teatr Ludowy: studium wybranych zespo\u0142\u00f3w z Lubelskiego, Podkarpackiego i \u015awi\u0119tokrzyskiego&#8221;, Sandomierz 2012.<\/li><li>&#8222;Chata Pismo Kulturalno \u2013 Historyczne Gminy Gorzyce&#8221; Nr 2\/2009, Tarnobrzeg 2009.<\/li><li>&#8222;Chata Pismo Kulturalno \u2013 Historyczne Gminy Gorzyce&#8221; Nr 3\/2010, Tarnobrzeg 2010.<\/li><li>&#8222;Chata Pismo Kulturalno \u2013 Historyczne Gminy Gorzyce&#8221; Nr 4\/2011, Tarnobrzeg 2011.<\/li><li>&#8222;Chata Pismo Kulturalno \u2013 Historyczne Gminy Gorzyce&#8221; Nr 5-6\/2013, Tarnobrzeg 2013.<\/li><li>&#8222;Chata Pismo Kulturalno \u2013 Historyczne Gminy Gorzyce&#8221; Nr 7\/2014, Tarnobrzeg 2014.<\/li><li>&#8222;Chata Pismo Kulturalno \u2013 Historyczne Gminy Gorzyce&#8221; Nr 8\/2015, Tarnobrzeg 2015.<\/li><li>&#8222;Chata Pismo Kulturalno \u2013 Historyczne Gminy Gorzyce&#8221; Nr 9\/2016, Tarnobrzeg 2016.<\/li><li>Buko Andrzej, &#8222;Pocz\u0105tki Sandomierza&#8221;, Warszawa 1998.<\/li><li>Marczak Micha\u0142, &#8222;Tarnobrzeg : z dziej\u00f3w miasta i powiatu&#8221;, Tarnobrzeg 2000.<\/li><li>S\u0142omka Jan,&#8221; Pami\u0119tniki W\u0142o\u015bcianina : od pa\u0144szczyzny do dni dzisiejszych&#8221;, Tarnobrzeg 2012.<\/li><li>Sypu\u0142a \u2013 Gliwa Joanna, &#8222;Dw\u00f3r, pejza\u017c okaleczony&#8221;, \u0141omianki 2007.<\/li><li>Tabaczy\u0144ski Stanis\u0142aw, Buko Andrzej, &#8222;Sandomierz : staro\u017cytno\u015b\u0107. wczesne \u015bredniowiecze&#8221;, Rzesz\u00f3w 1981.<\/li><li>Gaj \u2013 Piotrowski Wilhelm, &#8222;Zamkowe Muzeum Regionalne w Stalowej Woli \u2013 Rozwadowie : Dzieje architektoniczne&#8221;, Stalowa Wola 2002.<\/li><li>Stadnik Janina, &#8222;Na drogach Puszczy Sandomierskiej&#8221;, Stalowa Wola 1993.<\/li><li>&#8222;Tarnobrzeskie Zeszyty Historyczne&#8221; Nr 7, O\u015bwiata Tarnobrzeska, Tarnobrzeg 1993.<\/li><li>&#8222;Tarnobrzeskie Zeszyty Historyczne&#8221; Nr 17, Tarnobrzescy Kawalerowie Virtuti, Tarnobrzeg 1998.<\/li><li>&#8222;Tarnobrzeskie Zeszyty Historyczne&#8221; Nr 6, Tarnobrzeg 1593\/1993, Tarnobrzeg 1993.<\/li><li>&#8222;Tarnobrzeskie Zeszyty Historyczne&#8221; Nr 5, Harcerstwo w Tarnobrzegu 1912 -1992, Tarnobrzeg 1993.<\/li><li>&#8222;Tarnobrzeskie Zeszyty Historyczne&#8221; Nr 9, Wolno\u015b\u0107 i niezawis\u0142o\u015b\u0107 : obw\u00f3d Tarnobrzeg, Tarnobrzeg 1992<\/li><li>&#8222;Tarnobrzeskie Zeszyty Historyczne&#8221; Nr 10, Ko\u015bcio\u0142y Tarnobrzega, Tarnobrzeg 1995.<\/li><li>&#8222;Tarnobrzeskie Zeszyty Historyczne&#8221; Nr 12, Tarnobrzeska Solidarno\u015b\u0107 1980-1981, Tarnobrzeg 1996.<\/li><li>&#8222;Tarnobrzeskie Zeszyty Historyczne&#8221; Nr 11, Tarnowscy na Dzikowie, Tarnobrzeg 1995.<\/li><li>&#8222;Tarnobrzeskie Zeszyty Historyczne&#8221; Nr 13, Narodowa Organizacja Wojskowa \u2013 Obw\u00f3d Tarnobrzeg, Tarnobrzeg 1996.<\/li><li>&#8222;Tarnobrzeskie Zeszyty Historyczne&#8221; Nr 14, Stan wojenny w Tarnobrzegu, Tarnobrzeg 1996.<\/li><li>&#8222;Tarnobrzeskie Zeszyty Historyczne&#8221; Nr 15, Tarnobrze\u017canie w przedwojennej karykaturze, Tarnobrzeg 1997.<\/li><li>&#8222;Tarnobrzeskie Zeszyty Historyczne&#8221; Nr 8, Puszcza Sandomierska, Tarnobrzeg 1994.<\/li><li>&#8222;Tarnobrzeskie Zeszyty Historyczne&#8221; Nr 16, Tarnobrzeg Bibliografia, Tarnobrzeg 1997.<\/li><li>&#8222;Tarnobrzeskie Zeszyty Historyczne&#8221; Nr 18, Kultura w przedwojennym Tarnobrzegu, Tarnobrzeg 1998.<\/li><li>Budzi\u0142o Benedykt, &#8222;Ochotnicza Stra\u017c Po\u017carna w Furmanach w 65 \u2013 rocznic\u0119 powstania&#8221;, Furmany 1999.<\/li><li>Budzi\u0142o Benedykt, &#8222;Ochotnicza Stra\u017c Po\u017carna w Trze\u015bni w 125 \u2013 rocznic\u0119 powstania&#8221;, Trze\u015b\u0144 2000.<\/li><li>Budzi\u0142o Benedykt, &#8222;Ochotnicza Stra\u017c Po\u017carna we Wrzawach w 100 \u2013 rocznic\u0119 powstania&#8221;, Wrzawy 1998.<\/li><li>&#8222;Ziemia Rzeszowska&#8221;, Krak\u00f3w 1972.<\/li><li>W\u00f3jcik ADAM, Garbacz Krzysztof, &#8222;Tarnobrzeg: \u015blady czterech wiek\u00f3w&#8221;, Tarnobrzeg 1992.<\/li><li>&#8222;Gmina Gorzyce&#8221;, Gorzyce 2011.<\/li><li>Sta\u0144kowski Marek A., &#8222;Mi\u0119dzy Sanem a \u0141\u0119giem&#8221;, Rzesz\u00f3w 2011.<\/li><li>Wiktor Andrzej, Sta\u0144kowski Marek A., &#8222;Zasa\u0144skie portrety&#8221;, Rzesz\u00f3w 2011.<\/li><li>Adamski Antoni, &#8222;Arty\u015bci Podkarpacia&#8221;, Rzesz\u00f3w 2010.<\/li><li>My\u015bliwiec Bogdan, &#8222;Tarnobrzeg&#8221;, Krak\u00f3w 2008.<\/li><li>Motylewicz Jerzy, Pyszkowski Andrzej, &#8222;Miasta Podkarpacia&#8221;, Rzesz\u00f3w 2011.<\/li><li>Pietak Stanis\u0142aw,&#8221; Pisma t.1, Utwory poetyckie&#8221;,Warszawa : Ludowa Sp\u00f3\u0142dzielnia Wydawnicza, 1988<\/li><li>Pi\u0119tak Stanis\u0142aw,&#8221;Pisma t.2, Utwory poetyckie&#8221;,Warszawa : Ludowa Sp\u00f3\u0142dzielnia Wydawnicza, 1988<\/li><li>Pi\u0119tak Stanis\u0142aw, &#8222;Pisma t.3,Utwory prozatorskie&#8221;, Warszawa : Ludowa Sp\u00f3\u0142dzielnia Wydawnicza, 1988<\/li><li>Pi\u0119tak Stanis\u0142aw, &#8222;Pisma t.4, Utwory prozatorskie&#8221;, Warszawa : Ludowa Sp\u00f3\u0142dzielnia Wydawnicza, 1988<\/li><li>Pi\u0119tak Stanis\u0142aw, &#8222;Pisma t.5, Utwory prozatorskie&#8221;, Warszawa : Ludowa Sp\u00f3\u0142dzielnia Wydawnicza, 1988<\/li><li>Sudo\u0142 J\u00f3zef, &#8222;Pie\u015bni naszych ojc\u00f3w: przy\u015bpiewki weselne z okolic Kolbuszowej&#8221;, Kolbuszowa: Miejska i\u00a0Powiatowa Biblioteka Publiczna<\/li><li>Myjak J\u00f3zef, &#8222;Legendy i opowie\u015bci niezwyk\u0142e z Sandomierskiego, dawnej Puszczy Sandomierskiej, Opatowskiego i Staszowskiego : (przyczynek do mitologii sandomierskiej)&#8221;, Sandomierz : PAIR &#8211; Prywatna Agencja Informacji Regionalnej &#8222;Myjakpress&#8221;, 2004.<\/li><li>Bujak Jan, &#8222;Galicjanie i Serbowie=Galicjani i Srby&#8221;, Jelenia G\u00f3ra : Wydawnictwo Ad Rem,cop. 2012.<\/li><li>Bujak Jan, &#8222;Galicjanie i Serbowie. Cz. 2, W Bo\u015bni&#8221;, Jelenia G\u00f3ra : Wydawnictwo Ad Rem, cop.2014<\/li><li>Bujak Jan, &#8222;Galicjanie i Serbowie. Cz. 3, Wojna i wyjazd do Polski&#8221;, Jelenia G\u00f3ra : Wydawnictwo Ad Rem, cop.2015<\/li><li>Szwedo Bogus\u0142aw,&#8221;Tarnobrzeski s\u0142ownik biograficzny : wpisani w histori\u0119 miasta. T. 2&#8243;, Tarnobrzeg : Radio Leliwa ; Sandomierz : Wydawnictwo Armoryka, 2015<\/li><li>Szwedo Bogus\u0142aw, &#8222;Tarnobrzeski s\u0142ownik biograficzny : wpisani w histori\u0119 miasta. T. 3&#8221;, Tarnobrzeg : Radio Leliwa ; Sandomierz : Wydawnictwo Armoryka, 2016<\/li><li>Szwedo Bogus\u0142aw, &#8222;Tarnobrzeski s\u0142ownik biograficzny : wpisani w histori\u0119 miasta. T. 4&#8221;, Tarnobrzeg : Radio Leliwa ; Sandomierz : Wydawnictwo Armoryka, 2017<\/li><li>Szwedo Bogus\u0142aw, &#8222;Tarnobrzeski s\u0142ownik biograficzny : wpisani w histori\u0119 miasta. T. 5&#8221;, Tarnobrzeg : Radio Leliwa ; Sandomierz : Wydawnictwo Armoryka, 2019<\/li><li>Tabor Jan, &#8222;Legenda o krzy\u017cu na Zaleskim Cyplu&#8221;, Zalesie Gorzyckie 2019<\/li><li>Ba\u0142da Waldemar, &#8222;Z niepodleg\u0142ej : opowie\u015b\u0107 o Nowej D\u0119bie &#8211; mie\u015bcie powsta\u0142ym dzi\u0119ki odzyskaniu przez Polsk\u0119 suwerenno\u015bci&#8221;, Nowa D\u0119ba : Samorz\u0105dowy O\u015brodek Kultury w Nowej D\u0119bie, 2018<\/li><li>K\u0119dziora \u2013 Pali\u0144ska Kinga, &#8222;Miasto movie o tradycji: Obrz\u0119dy, zwyczaje i tradycje ludowe w\u00a0przestrzeni miejskiej Sandomierza&#8221;, Zawichost i Koprzywnicy, Sandomierz : Muzeum Okr\u0119gowe, 2019.<\/li><li>&#8222;Nekropolie Wielkiej Wojny nad Wis\u0142\u0105 i Sanem : praca zbiorowa&#8221; \/ pod redakcj\u0105 Anety Garanty i Tomasza Nowakowskiego, Stalowa Wola : Muzeum Regionalne, 2019.<\/li><\/ol>\n\n\n\n\n\n\n","protected":false},"excerpt":{"rendered":"<p>&nbsp;&nbsp;&nbsp;&nbsp;&nbsp;&nbsp;&nbsp;&nbsp;&nbsp;&nbsp;&nbsp;&nbsp;&nbsp;&nbsp;&nbsp;&nbsp;&nbsp;&nbsp;&nbsp;&nbsp;&nbsp;&nbsp;&nbsp;&nbsp;&nbsp;&nbsp;&nbsp;&nbsp;&nbsp;&nbsp;&nbsp;&nbsp;&nbsp;&nbsp;&nbsp;&nbsp;&nbsp;&nbsp;&nbsp;&nbsp;&nbsp;&nbsp;&nbsp;&nbsp;&nbsp;&nbsp;&nbsp;&nbsp;&nbsp;&nbsp;&nbsp;&nbsp;&nbsp;&nbsp;&nbsp;&nbsp;&nbsp;&nbsp;&nbsp;&nbsp;&nbsp;&nbsp;&nbsp;&nbsp;&nbsp;&nbsp;&nbsp;&nbsp;&nbsp;&nbsp;&nbsp;&nbsp;&nbsp;&nbsp;&nbsp;&nbsp;&nbsp;&nbsp;&nbsp;&nbsp;&nbsp;&nbsp;&nbsp;&nbsp;&nbsp;&nbsp;&nbsp;&nbsp;&nbsp;&nbsp;&nbsp;&nbsp;&nbsp;&nbsp;&nbsp;&nbsp;&nbsp;&nbsp;&nbsp;&nbsp;&nbsp;&nbsp;&nbsp;&nbsp;&nbsp;&nbsp;&nbsp;&nbsp;&nbsp;&nbsp;&nbsp;&nbsp;&nbsp;&nbsp;&nbsp;&nbsp;&nbsp;&nbsp;&nbsp;&nbsp; BIBLIOGRAFIA REGIONALNA GBP GORZYCE- CZYTELNIA Micha\u0142owicz \u2013 Kubal Marta, Kubal Grzegorz, &#8222;Miejscowo\u015bci Gminy Gorzyce na przestrzeni wiek\u00f3w&#8221;, Krosno-Targowiska; Gorzyce: na zlecenie Urz\u0119du Gminy 1998. Budzi\u0142o Benedykt, &#8222;Gorzyce i Wrzawy&#8221; : Zarys dziej\u00f3w, Krak\u00f3w 2000. Budzi\u0142o Benedykt, Budzi\u0142o Krzysztof, &#8222;Gorzyce dawniej i dzi\u015b&#8221;, Gorzyce 2006. Chy\u0142a Roman, &#8222;Sandomierz i okolice : przewodnik regionalny&#8221;, Sandomierz Stadnik [&hellip;]<\/p>\n","protected":false},"author":1,"featured_media":0,"parent":0,"menu_order":0,"comment_status":"closed","ping_status":"closed","template":"","meta":{"footnotes":""},"class_list":["post-2878","page","type-page","status-publish","hentry"],"_links":{"self":[{"href":"https:\/\/gbpgorzyce.pl\/index.php?rest_route=\/wp\/v2\/pages\/2878","targetHints":{"allow":["GET"]}}],"collection":[{"href":"https:\/\/gbpgorzyce.pl\/index.php?rest_route=\/wp\/v2\/pages"}],"about":[{"href":"https:\/\/gbpgorzyce.pl\/index.php?rest_route=\/wp\/v2\/types\/page"}],"author":[{"embeddable":true,"href":"https:\/\/gbpgorzyce.pl\/index.php?rest_route=\/wp\/v2\/users\/1"}],"replies":[{"embeddable":true,"href":"https:\/\/gbpgorzyce.pl\/index.php?rest_route=%2Fwp%2Fv2%2Fcomments&post=2878"}],"version-history":[{"count":8,"href":"https:\/\/gbpgorzyce.pl\/index.php?rest_route=\/wp\/v2\/pages\/2878\/revisions"}],"predecessor-version":[{"id":3249,"href":"https:\/\/gbpgorzyce.pl\/index.php?rest_route=\/wp\/v2\/pages\/2878\/revisions\/3249"}],"wp:attachment":[{"href":"https:\/\/gbpgorzyce.pl\/index.php?rest_route=%2Fwp%2Fv2%2Fmedia&parent=2878"}],"curies":[{"name":"wp","href":"https:\/\/api.w.org\/{rel}","templated":true}]}}